8?
False
Is 10 a factor of 210?
True
Does 16 divide 308?
False
Does 12 divide 48?
True
Does 32 divide 960?
True
Does 17 divide 1003?
True
Does 3 divide 321?
True
Is 4192 a multiple of 131?
True
Is 38 a factor of 13376?
True
Is 33434 a multiple of 73?
True
Is 24 a factor of 1181?
False
Does 95 divide 24130?
True
Is 6 a factor of 162?
True
Is 50369 a multiple of 79?
False
Is 23 a factor of 605?
False
Is 35810 a multiple of 319?
False
Does 31 divide 1178?
True
Does 3 divide 1954?
False
Is 14 a factor of 6216?
True
Does 47 divide 11421?
True
Is 26124 a multiple of 84?
True
Is 251 a factor of 12048?
True
Is 1022 a multiple of 14?
True
Does 10 divide 7348?
False
Does 135 divide 73001?
False
Is 54432 a multiple of 16?
True
Is 1474 a multiple of 67?
True
Does 48 divide 575?
False
Does 58 divide 31962?
False
Does 59 divide 8732?
True
Is 4940 a multiple of 62?
False
Does 196 divide 12883?
False
Does 28 divide 1294?
False
Is 43 a factor of 6708?
True
Does 5 divide 14675?
True
Does 10 divide 30230?
True
Does 100 divide 33100?
True
Does 54 divide 6588?
True
Is 166 a factor of 10542?
False
Is 16292 a multiple of 13?
False
Is 24 a factor of 264?
True
Is 10 a factor of 50542?
False
Is 3 a factor of 1653?
True
Does 6 divide 8946?
True
Does 2 divide 478?
True
Is 6254 a multiple of 106?
True
Does 49 divide 435?
False
Does 3 divide 798?
True
Is 8 a factor of 2868?
False
Does 51 divide 8772?
True
Is 912 a multiple of 38?
True
Is 54 a factor of 538?
False
Is 10 a factor of 452?
False
Is 4410 a multiple of 70?
True
Is 66 a multiple of 6?
True
Does 44 divide 1591?
False
Is 14 a factor of 1436?
False
Is 7 a factor of 18?
False
Is 664 a multiple of 17?
False
Is 7 a factor of 413?
True
Is 28 a factor of 26656?
True
Is 18 a factor of 556?
False
Does 41 divide 5643?
False
Is 6937 even?
False
Is 65699 a multiple of 93?
False
Does 31 divide 1364?
True
Is 12 a factor of 4080?
True
Does 27 divide 4428?
True
Is 740 a multiple of 65?
False
Is 21 a factor of 924?
True
Is 11 a factor of 1273?
False
Is 62465 a multiple of 13?
True
Is 68 a factor of 2869?
False
Is 19672 a multiple of 111?
False
Does 60 divide 5211?
False
Is 95 a factor of 28947?
False
Is 14 a factor of 2842?
True
Does 336 divide 1399?
False
Does 35 divide 808?
False
Is 19 a factor of 1292?
True
Is 64 a multiple of 3?
False
Does 117 divide 585?
True
Is 39 a multiple of 3?
True
Does 35 divide 64470?
True
Is 351 a multiple of 14?
False
Is 17136 a multiple of 18?
True
Does 9 divide 4275?
True
Is 378 a multiple of 54?
True
Is 53 a factor of 288?
False
Does 5 divide 638?
False
Is 47 a factor of 380?
False
Is 56 a factor of 280?
True
Is 1198 a multiple of 24?
False
Is 222 a multiple of 37?
True
Is 13 a factor of 312?
True
Does 45 divide 360?
True
Is 89 a factor of 4153?
False
Is 127 a factor of 21604?
False
Is 51 a factor of 1820?
False
Does 4 divide 2290?
False
Does 15 divide 774?
False
Is 102 a factor of 1530?
True
Is 6128 a multiple of 8?
True
Is 4 a factor of 500?
True
Is 2325 a multiple of 15?
True
Is 91 a factor of 6916?
True
Is 683 a multiple of 17?
False
Is 1100 a multiple of 3?
False
Is 876 a multiple of 18?
False
Does 8 divide 14065?
False
Does 36 divide 131688?
True
Does 65 divide 390?
True
Is 2181 a multiple of 9?
False
Is 439 a multiple of 25?
False
Is 567 a multiple of 21?
True
Does 64 divide 13538?
False
Does 46 divide 14490?
True
Is 2539 a multiple of 49?
False
Does 10 divide 922?
False
Is 680 a multiple of 10?
True
Is 46 a factor of 3496?
True
Is 59 a factor of 717?
False
Does 48 divide 1720?
False
Is 2684 a multiple of 34?
False
Is 338 a multiple of 26?
True
Is 4 a factor of 2096?
True
Does 34 divide 289?
False
Does 7 divide 50168?
False
Is 5826 a multiple of 6?
True
Is 7008 a multiple of 18?
False
Does 177 divide 3540?
True
Is 34 a factor of 2166?
False
Does 6 divide 426?
True
Is 1136 a multiple of 16?
True
Is 1311 a multiple of 23?
True
Does 50 divide 6050?
True
Is 8 a factor of 10697?
False
Is 20 a factor of 3901?
False
Is 14 a multiple of 7?
True
Does 57 divide 8778?
True
Is 51 a factor of 5304?
True
Is 355 a multiple of 71?
True
Is 4917 a multiple of 33?
True
Is 471 a multiple of 45?
False
Does 3 divide 129?
True
Does 37 divide 59163?
True
Is 439 a multiple of 20?
False
Is 20 a factor of 3433?
False
Is 11877 a multiple of 37?
True
Is 12 a factor of 36?
True
Is 16 a factor of 6096?
True
Is 19 a factor of 386?
False
Does 24 divide 5281?
False
Is 399 a multiple of 21?
True
Is 17 a factor of 1020?
True
Is 43 a factor of 1859?
False
Is 4088 a multiple of 4?
True
Is 22081 a multiple of 148?
False
Is 11713 a multiple of 13?
True
Is 76982 a multiple of 61?
True
Is 5626 a multiple of 18?
False
Is 22 a factor of 51788?
True
Does 18 divide 17387?
False
Is 4247 a multiple of 30?
False
Does 23 divide 37043?
False
Is 3323 a multiple of 28?
False
Is 161 a multiple of 4?
False
Is 20 a factor of 115820?
True
Is 707 a multiple of 9?
False
Is 44005 a multiple of 277?
False
Is 976 a multiple of 61?
True
Does 50 divide 49100?
True
Does 67 divide 1273?
True
Does 4 divide 149?
False
Is 655 a multiple of 2?
False
Is 16 a factor of 19600?
True
Is 822 even?
True
Is 19 a factor of 11309?
False
Does 265 divide 26306?
False
Is 29 a factor of 5691?
False
Does 106 divide 13163?
False
Does 3 divide 2562?
True
Is 2 a factor of 250?
True
Does 40 divide 1960?
True
Is 101 a factor of 14048?
False
Does 29 divide 7201?
False
Is 614 a multiple of 4?
False
Is 1682 a multiple of 13?
False
Does 57 divide 23915?
False
Does 233 divide 13548?
False
Is 3525 a multiple of 5?
True
Is 2 a factor of 81?
False
Is 108 a multiple of 3?
True
Is 3309 a multiple of 85?
False
Does 15 divide 3180?
True
Is 21 a factor of 1386?
True
Is 86 a factor of 21070?
True
Is 15 a factor of 2940?
True
Is 304 a factor of 29465?
False
Is 10 a factor of 1000?
True
Is 45 a factor of 32895?
True
Is 12 a factor of 13392?
True
Is 946 a multiple of 22?
True
Is 267 a factor of 24987?
False
Does 10 divide 1760?
True
Is 2715 a multiple of 11?
False
Is 2820 a multiple of 141?
True
Is 9639 a multiple of 27?
True
Does 5 divide 732?
False
Does 12 divide 39278?
False
Does 13 divide 6306?
False
Is 2563 a multiple of 34?
False
Is 12416 a multiple of 97?
True
Is 23 a factor of 828?
True
Does 31 divide 1084?
False
Does 18 divide 448?
False
Is 14 a factor of 16509?
False
Does 9 divide 703?
False
Is 12922 a multiple of 19?
False
Is 17140 a multiple of 13?
False
Is 9 a factor of 486?
True
Is 23421 a multiple of 111?
True
Is 25 a factor of 473?
False
Is 2928 a multiple of 48?
True
Does 302 divide 89996?
True
Is 3 a factor of 39?
True
Does 2 divide 4169?
False
Is 552 a multiple of 8?
True
Does 48 divide 36512?
False
Is 5 a factor of 173?
False
Is 8 a factor of 256?
True
Is 11072 a multiple of 46?
False
Does 22 divide 418?
True
Is 7 a factor of 12834?
False
Is 43 a factor of 10015?
False
Is 6353 a multiple of 21?
False
Is 6734 a multiple of 37?
True
Is 30 a factor of 1262?
False
Is 57 a multiple of 57?
True
Is 57 a factor of 10032?
True
Is 54 a multiple of 3?
True
Is 10 a factor of 1620?
True
Does 20 divide 420?
True
Is 47 a factor of 8648?
True
Is 45390 a multiple of 24?
False
Is 6 a factor of 1446?
True
Is 3 a factor of 3306?
True
Does 26 divide 962?
True
Is 1564 a multiple of 34?
True
Does 4 divide 296?
True
Is 45 a factor of 10240?
False
Does 192 divide 35434?
False
Does 43 divide 27176?
True
Is 25 a factor of 4097?
False
Is 7 a factor of 434?
True
Does 82 divide 27716?
True
Is 211 a factor of 24173?
False
Is 20 a factor of 701?
False
Is 41436 a multiple of 31?
False
Is 446 a multiple of 13?
False
Does 68 divide 136?
True
Is 32132 a multiple of 15?
False
Is 68 a factor of 13922?
False
Is 14 a factor of 15492?
False
Is 17 even?
False
Does 2 divide 235?
False
Is 1333 a multiple of 18?
False
Does 7 divide 197?
False
Is 1278 a multiple of 3?
True
Does 11 divide 18480?
True
Does 47 divide 1973?
False
Does 9 divide 7737?
False
Does 143 divide 126412?
True
Is 81 a factor of 2349?
True
Is 31 a factor of 2918?
False
Is 201300 a multiple of 11?
True
Does 17 divide 1887?
True
Does 32 divide 9280?
True
Does 2 divide 564?
True
Does 27 divide 11124?
True
Is 26 a factor of 1586?
True
Does 22 divide 79244?
True
Does 17 divide 65813?
False
Is 606 a multiple of 10?
False
Is 3888 a multiple of 12?
True
I